4 - u. Let n = -1848 - z. Is n composite?
False
Suppose -4*y + 25 = -c + 6*c, -c = -1. Let n(t) be the second derivative of 13*t**4/6 - 5*t**3/6 + 3*t**2 - 3*t. Is n(y) a prime number?
True
Suppose 26155 = -367*c + 99922. Let u(r) = -31*r**3 + 3*r**2 - 4*r - 2. Let j be u(-3). Let b = j - c. Is b a composite number?
False
Suppose 27*q - 73844 = 23*q. Suppose -12*k + q = -38911. Is k prime?
False
Let r(a) = -a**3 - a + 1. Let h(l) = -3*l**3 + 4*l**2 - 13*l - 4. Let g(f) = -h(f) + 4*r(f). Let b be g(-6). Is ((-39)/b)/(6/(-8312)*2) prime?
True
Suppose -2*k + 4 = 5*a, 3*k - 8*k + 43 = -4*a. Suppose 4*b - k*b - 244 = -m, -60 = b + 5*m. Is 1258/3 + (-7 - b/12) a prime number?
True
Let a(o) = -13*o - 247. Let j be a(-19). Suppose 0*r - 2684 = -4*r - 2*d, j = 4*r - 4*d - 2708. Is r a prime number?
True
Let t = -146 - -163. Suppose 1603 = t*j - 1848. Is j a prime number?
False
Let f(c) = c**3 + 66*c**2 - 36*c - 85. Is f(-36) a composite number?
True
Suppose 45448 - 92029 = -17*w + 106402. Is w prime?
True
Suppose 2*r = -m + 78, -2*m + 4*m - 2*r = 174. Suppose 0 = -3*p + 867 + m. Is p prime?
True
Suppose 6*u + 13 - 37 = 0. Suppose -u*f + 2528 = -1140. Is f composite?
True
Is (22/(-16)*-2)/(135/800820) prime?
False
Let c be ((-86)/258)/(1/12). Is (-5)/c - 372762/(-216) a composite number?
True
Let n(k) = 3583*k**2 + 100*k - 421. Is n(4) prime?
False
Let n(x) = -3491*x + 1. Let g be n(-1). Suppose -4*p = 2*v - 5*v - g, 5*p = 2*v + 4365. Let d = 2440 - p. Is d a prime number?
True
Let h = 147000 + -87001. Is h composite?
False
Let q(w) be the third derivative of 0*w + 1/20*w**5 - 1/6*w**3 + 0 + 0*w**4 - 20*w**2 - 83/40*w**6. Is q(-1) a composite number?
False
Let a(t) = 134*t + 174. Let q(i) = -2*i - 1. Let b(g) = a(g) - q(g). Is b(28) a composite number?
True
Suppose t + 4*s - 78181 = 0, -16*s = 4*t - 14*s - 312654. Is t prime?
False
Is 3/(41898843/(-10474731) + (-4)/(-1)) a composite number?
False
Suppose 8*b = 4*b - 3*c - 4, -2*c = -3*b + 14. Let v be b/6 - 168/(-36). Suppose -10*n = -v*n - 5345. Is n a composite number?
False
Let j(c) = -c**3 - 13*c**2 + 34*c + 60. Let s be j(-15). Suppose 3*v - 2*v = y + 57595, s = 5*v - y - 287967. Is v a composite number?
False
Let p(m) = -m + 21. Let t be p(23). Let v(a) = -577*a + 57. Is v(t) a prime number?
False
Is 4/(-5) + (-704398191)/(-1995) composite?
False
Let v = 2153 + -1016. Let j = 74 + -72. Suppose j*w - 5*w = -v. Is w composite?
False
Suppose -7 - 2 = -3*m. Suppose -5*w = -15, -m*u + 5*u - 2*w + 6 = 0. Is (794 + u - (3 - 3))/2 a composite number?
False
Suppose 31*v = 28*v - 2*z + 277847, v - 4*z - 92583 = 0. Is v composite?
True
Suppose 0 = 12*q + 13963 + 28205. Is (0 + q)*(-2)/4 a composite number?
True
Let g(u) = 647*u**3 - 2*u**2 + u + 1. Suppose 10*y - 679 = 3*y. Let w = y - 96. Is g(w) composite?
False
Let w = 2621 - -2435. Let k = -419 + w. Is k a composite number?
False
Let x(o) = o**3 - 4*o**2 + 2*o - 3. Let l be x(4). Suppose 0 = -j - 1, 26*u - 30*u - j + 23491 = 0. Suppose -l*g = 2*g - u. Is g prime?
True
Let b = -290 + 352. Is (2/(-3))/(b/(-85467)) composite?
False
Suppose w - 9*w = 0. Suppose w = -o + 4694 - 1888. Let t = -1655 + o. Is t a composite number?
False
Let n(r) = 85*r**3 - 5*r**2 + 24*r + 12. Let k be n(6). Is 1/3*k/32 a composite number?
False
Suppose -3*u - 2*w + 60871 + 54262 = 0, w = 5*u - 191858. Is u a composite number?
True
Let z = 42 + -48. Let s be 680 + (-6 + 2 - z/3). Is (14/(-42))/((-2)/s) composite?
False
Is (30/240)/((-6)/(-16109040)) a composite number?
True
Suppose -254*a + 22387839 - 2744035 + 742998 = 0. Is a prime?
True
Suppose -2*q + 3*w - 58 = 0, -12*q + 2*w = -15*q - 100. Let l(m) = -236*m - 189. Is l(q) composite?
True
Let f = 2623 + -2244. Is f a composite number?
False
Suppose -36364618 - 179551692 = -290*b. Is b a prime number?
True
Suppose 5791 + 3375 = a - 3*p, 27458 = 3*a - p. Suppose 0 = 8*y + a - 49463. Is y a prime number?
True
Suppose 7903 = j - d, -4*d = -0*d + 20. Let t = -2909 + j. Is t a composite number?
True
Let l = -363 + 363. Suppose -2*f = -3*r - 2734, 2*r + l - 8 = 0. Is f prime?
True
Let a be -4*(-1)/2 - 2. Suppose f - 4*f + 11337 = a. Is f composite?
False
Suppose 20665 = -5*x + 5*m, 2*m + 11774 = -2*x + 3528. Let l = x + 5975. Is l a composite number?
False
Let f be (((-140)/25)/7)/(4/(-110)). Let b(t) = -t + 24. Let q be b(f). Is q/(-3) + (-11965)/(-15) - 0 a prime number?
True
Suppose -25*q = -20*q - 20. Suppose 0 = 4*m - 7*g + 4*g - 18812, -4*m + 18812 = q*g. Is m prime?
True
Let m(l) = 229*l**2. Let f be m(-2). Suppose 10*o = 6*o + f. Let n = 2178 - o. Is n a prime number?
True
Let i(h) = 19*h**2 - 3*h + 51. Let g be (-42)/(-5) + ((-78)/(-30) - 2). Is i(g) composite?
True
Let g = -30 + 103. Let v = g - 68. Suppose v*f - 238 = 327. Is f composite?
False
Suppose 3*b = 234*k - 236*k + 55773, -5*k = 4*b - 74378. Is b composite?
False
Let z = -1836 + 1185. Suppose 3*i + 3534 = -0*i. Let h = z - i. Is h composite?
True
Suppose 0 = -2*c + 973 - 217. Let p = -767 + c. Let f = 830 - p. Is f a composite number?
True
Suppose 118*h - 115*h - 83239 = -i, -6 = 3*h. Is i a prime number?
False
Let o = 56341 - -32886. Is o composite?
False
Let x = -117 + 145. Suppose -26*n + x*n - 886 = 0. Is n prime?
True
Suppose 3*u - 3*k = 42, -4*u + 31 = 2*k + 5. Let x be (u - 12) + (-111)/(-1). Suppose -3*s + 579 - x = 0. Is s composite?
False
Let y(q) = 2475*q - 2239. Is y(90) composite?
False
Let j(s) = 2*s**2 - 25*s + 17. Let w be j(12). Suppose 2*r = -w*f + f + 554, 5*r - 1410 = -5*f. Is r a composite number?
True
Suppose 0 = -211*g + 202*g. Suppose -5*n + 5*x = -33830, g = -3*n - x + 6306 + 13996. Is n a prime number?
False
Let p be -9 + 7 + -2 + -2 - -4. Let k(m) = -8*m - 11. Let j be k(p). Suppose 5*y - 2*x = 439, -y = j*x - 2*x - 98. Is y prime?
True
Let y(w) be the second derivative of 919*w**3/6 + 31*w**2 - 60*w. Is y(3) prime?
True
Suppose -5*n + 3*c = -7810, -2*n - 469 + 3592 = -c. Let h = -1050 - -68. Let k = h + n. Is k composite?
False
Let x(l) = 19979*l**2 - 12*l + 68. Is x(-5) a composite number?
True
Suppose 0 = 6*w + 25 - 55. Let r(x) = 33*x**2 + 10*x - 4. Let s be r(w). Let t = s + -285. Is t composite?
True
Suppose -18*n + 195796 = -1166858. Is n prime?
True
Suppose -8 = -u - 6. Suppose u*t - 3 - 1 = 0. Suppose -335 = k - t*k. Is k a composite number?
True
Let l(h) = h**2 - 10*h - 4. Let y be l(12). Let w be (274/(-8))/((-5)/y). Is w/4*(-132)/(-3) a prime number?
False
Let w(q) = -261 + 2*q - q**2 + 2*q - 3*q + 872. Suppose -5 = f, 9*c = 5*c - 3*f - 15. Is w(c) prime?
False
Let l be -2929 - (-14)/(-1)*12/42. Suppose 0*d + 4*y = 5*d + 8714, -y = -5*d - 8726. Let b = d - l. Is b composite?
False
Let a = -330 - -2774. Suppose 2208 = 4*k - a. Let v = k - -2408. Is v prime?
True
Let b(f) = -2337*f**3 + 6*f**2 + 33*f + 5. Is b(-3) composite?
False
Suppose 5*k + x = -22479 - 17128, 31678 = -4*k + 3*x. Let c = k - -16386. Is c a composite number?
True
Suppose 12*l - 29*l = 12*l - 8416757. Is l a composite number?
False
Let y(d) = -17*d - 120. Let t be y(-15). Is -244*(t/(-52) + (-14)/91) prime?
False
Suppose -3*l - 4*p = -16549, -81*l = -79*l + 4*p - 11030. Is l a prime number?
True
Suppose -4*j = -4*g - 12, -3*j + 2*j + 6 = 2*g. Suppose 0 = l + 4*d - 1205, -j*l + l + 2*d = -3601. Suppose 96*u = 95*u + l. Is u a prime number?
True
Is ((-6)/(-9))/(78/4097691) prime?
True
Is (409/(-7))/(127/(-11557)) a prime number?
False
Is -4*(-89818)/(-4)*(-6 - 44/(-8)) prime?
True
Suppose 5*g + 33 = -12. Let q be (1 - 0)*(5 + g). Is (-42)/9*(98/q - 4) a prime number?
False
Suppose -3*n = -38 - 52. Let l be ((-10)/n)/((-2)/(-12)). Is (5 + l - 0)*127/3 a composite number?
False
Let q = 156 + 477. Let s(k) = 2*k + 1. Let p be s(4). Is (4 - p/3)/(3/q) a composite number?
False
Is (-54)/(-72)*((-3896187)/(-9) - -5) a prime number?
False
Suppose -33857 = -15*v + 74848. Is v - (4 + 18/(-3)) prime?
False
Is (-24)/(-1)*16/64 - -121561 prime?
False
Let o(t) = 110 - 72 - 55 - 3*t + 8*t**2 + 13*t**2. Is o(5) a prime number?
False
Let z(u) = 0*u**3 + u**3 - 6 + 3*u**3 - 3*u**3 + 8*u**2 - 6*u. Let h be z(-7). Suppose -s + h = 20. Is s a composite number?
True
Let r = -21 - -34. Suppose 0 = -r*s + 7791 + 21290. Is s a composite number?
False
Suppose 5*b + 68970 = 3*u - 